{"id":4329,"date":"2020-04-11T14:48:46","date_gmt":"2020-04-11T12:48:46","guid":{"rendered":"https:\/\/demoshop.codec-software.de\/?post_type=product&#038;p=4329"},"modified":"2020-04-11T17:47:06","modified_gmt":"2020-04-11T15:47:06","slug":"bio-zitronen-500g","status":"publish","type":"product","link":"https:\/\/demoshop.codec-software.de\/?product=bio-zitronen-500g","title":{"rendered":"Bio Zitronen 500g"},"content":{"rendered":"","protected":false},"excerpt":{"rendered":"<p>Die Zitrone kann als leckere Zutat in Kuchen und Desserts verwendet werden aber auch in Obstdrinks als Garnitur ergibt sie ein sch\u00f6nes Bild. Au\u00dferdem ist sie eine gute Quelle f\u00fcr Vitamin C.<\/p>\n","protected":false},"featured_media":4330,"comment_status":"open","ping_status":"closed","template":"","meta":[],"product_cat":[47],"product_tag":[],"jetpack_sharing_enabled":true,"_links":{"self":[{"href":"https:\/\/demoshop.codec-software.de\/index.php?rest_route=\/wp\/v2\/product\/4329"}],"collection":[{"href":"https:\/\/demoshop.codec-software.de\/index.php?rest_route=\/wp\/v2\/product"}],"about":[{"href":"https:\/\/demoshop.codec-software.de\/index.php?rest_route=\/wp\/v2\/types\/product"}],"replies":[{"embeddable":true,"href":"https:\/\/demoshop.codec-software.de\/index.php?rest_route=%2Fwp%2Fv2%2Fcomments&post=4329"}],"wp:featuredmedia":[{"embeddable":true,"href":"https:\/\/demoshop.codec-software.de\/index.php?rest_route=\/wp\/v2\/media\/4330"}],"wp:attachment":[{"href":"https:\/\/demoshop.codec-software.de\/index.php?rest_route=%2Fwp%2Fv2%2Fmedia&parent=4329"}],"wp:term":[{"taxonomy":"product_cat","embeddable":true,"href":"https:\/\/demoshop.codec-software.de\/index.php?rest_route=%2Fwp%2Fv2%2Fproduct_cat&post=4329"},{"taxonomy":"product_tag","embeddable":true,"href":"https:\/\/demoshop.codec-software.de\/index.php?rest_route=%2Fwp%2Fv2%2Fproduct_tag&post=4329"}],"curies":[{"name":"wp","href":"https:\/\/api.w.org\/{rel}","templated":true}]}}